f 20324?
4
What is the hundreds digit of 1277?
2
What is the hundreds digit of 23765?
7
What is the thousands digit of 11560?
1
What is the units digit of 54335?
5
What is the hundreds digit of 152124?
1
What is the thousands digit of 3894?
3
What is the hundreds digit of 28252?
2
What is the units digit of 3414?
4
What is the tens digit of 8829?
2
What is the tens digit of 906?
0
What is the thousands digit of 28174?
8
What is the tens digit of 44263?
6
What is the units digit of 25140?
0
What is the hundreds digit of 26798?
7
What is the units digit of 750?
0
What is the thousands digit of 4956?
4
What is the hundreds digit of 5354?
3
What is the tens digit of 17105?
0
What is the tens digit of 5019?
1
What is the units digit of 2338?
8
What is the units digit of 7548?
8
What is the units digit of 1306?
6
What is the hundreds digit of 891?
8
What is the hundreds digit of 52454?
4
What is the tens digit of 11806?
0
What is the units digit of 5345?
5
What is the hundreds digit of 14056?
0
What is the ten thousands digit of 16666?
1
What is the tens digit of 655?
5
What is the units digit of 1236?
6
What is the hundreds digit of 30988?
9
What is the units digit of 27?
7
What is the hundred thousands digit of 123692?
1
What is the tens digit of 622?
2
What is the hundred thousands digit of 109390?
1
What is the tens digit of 2505?
0
What is the units digit of 1897?
7
What is the units digit of 4590?
0
What is the tens digit of 23191?
9
What is the hundreds digit of 174585?
5
What is the hundreds digit of 2730?
7
What is the units digit of 1058?
8
What is the units digit of 10395?
5
What is the hundreds digit of 1551?
5
What is the thousands digit of 66802?
6
What is the tens digit of 122?
2
What is the ten thousands digit of 57190?
5
What is the units digit of 136?
6
What is the tens digit of 801?
0
What is the hundreds digit of 24540?
5
What is the tens digit of 48845?
4
What is the units digit of 55462?
2
What is the ten thousands digit of 29226?
2
What is the hundreds digit of 30155?
1
What is the tens digit of 13894?
9
What is the tens digit of 131917?
1
What is the hundreds digit of 1771?
7
What is the units digit of 6731?
1
What is the units digit of 38561?
1
What is the units digit of 177?
7
What is the thousands digit of 1778?
1
What is the units digit of 4311?
1
What is the tens digit of 108467?
6
What is the ten thousands digit of 34557?
3
What is the units digit of 3754?
4
What is the units digit of 3847?
7
What is the thousands digit of 1790?
1
What is the tens digit of 395?
9
What is the ten thousands digit of 33525?
3
What is the tens digit of 534?
3
What is the tens digit of 5543?
4
What is the tens digit of 259?
5
What is the units digit of 38?
8
What is the thousands digit of 11740?
1
What is the hundreds digit of 65169?
1
What is the units digit of 66536?
6
What is the hundreds digit of 11693?
6
What is the thousands digit of 12364?
2
What is the tens digit of 1910?
1
What is the thousands digit of 4428?
4
What is the ten thousands digit of 13123?
1
What is the tens digit of 682?
8
What is the thousands digit of 5454?
5
What is the tens digit of 231?
3
What is the ten thousands digit of 55359?
5
What is the thousands digit of 58403?
8
What is the units digit of 71270?
0
What is the thousands digit of 2499?
2
What is the hundreds digit of 18758?
7
What is the thousands digit of 2756?
2
What is the ten thousands digit of 89427?
8
What is the ten thousands digit of 59905?
5
What is the ten thousands digit of 20326?
2
What is the units digit of 4022?
2
What is the hundreds digit of 23357?
3
What is the ten thousands digit of 75495?
7
What is the hundreds digit of 7930?
9
What is the tens digit of 3930?
3
What is the tens digit of 1139?
3
What is the units digit of 17903?
3
What is the tens digit of 553?
5
What is the ten thousands digit of 11552?
1
What is the units digit of 4014?
4
What is the ten thousands digit of 33444?
3
What is the hundreds digit of 52619?
6
What is the tens digit of 80053?
5
What is the hundreds digit of 4244?
2
What is the hundreds digit of 7375?
3
What is the ten thousands digit of 150733?
5
What is the tens digit of 31?
3
What is the tens digit of 1882?
8
What is the units digit of 77911?
1
What is the thousands digit of 25180?
5
What is the thousands digit of 11004?
1
What is the hundreds digit of 3680?
6
What is the ten thousands digit of 130201?
3
What is the tens digit of 69712?
1
What is the hundreds digit of 19957?
9
What is the hundreds digit of 7295?
2
What is the tens digit of 2026?
2
What is the units digit of 8719?
9
What is the thousands digit of 1678?
1
What is the thousands digit of 3373?
3
What is the tens digit of 8620?
2
What is the tens digit of 66836?
3
What is the tens digit of 1045?
4
What is the tens digit of 813?
1
What is the thousands digit of 9633?
9
What is the thousands digit of 4246?
4
What is the hundreds digit of 4450?
4
What is the tens digit of 275?
7
What is the units digit of 64576?
6
What is the thousands digit of 1555?
1
What is the units digit of 8048?
8
What is the ten thousands digit of 69236?
6
What is the thousands digit of 52334?
2
What is the units digit of 640?
0
What is the thousands digit of 9077?
9
What is the units digit of 74405?
5
What is the tens digit of 7519?
1
What is the hundreds digit of 5899?
8
What is the ten thousands digit of 30885?
3
What is the tens digit of 91?
9
What is the tens digit of 9435?
3
What is the hundreds digit of 66162?
1
What is the tens digit of 332?
3
What is the hundreds digit of 1984?
9
What is the tens digit of 10146?
4
What is the tens digit of 46?
4
What is the units digit of 10848?
8
What is the tens digit of 47569?
6
What is the hundreds digit of 55436?
4
What is the hundreds digit of 2682?
6
What is the hundreds digit of 54865?
8
What is the units digit of 926?
6
What is the tens digit of 2825?
2
What is the tens digit of 6524?
2
What is the thousands digit of 4689?
4
What is the hundreds digit of 91137?
1
What is the units digit of 1370?
0
What is the ten thousands digit of 74610?
7
What is the hundreds digit of 2710?
7
What is the ten thousands digit of 24059?
2
What is the units digit of 66958?
8
What is the thousands digit of 3967?
3
What is the hundreds digit of 834?
8
What is the units digit of 3775?
5
What is the tens digit of 13758?
5
What is the tens digit of 71767?
6
What is the tens digit of 3450?
5
What is the units digit of 66008?
8
What is the units digit of 3717?
7
What is the hundreds digit of 1774?
7
What is the tens digit of 70500?
0
What is the units digit of 1624?
4
What is the units digit of 25983?
3
What is the hundreds digit of 964?
9
What is the hundreds digit of 1829?
8
What is the hundreds digit of 154007?
0
What is the thousands digit of 67501?
7
What is the units digit of 5937?
7
What is the tens digit of 1208?
0
What is the tens digit of 10104?
0
What is the tens digit of 49?
4
What is the tens digit of 20566?
6
What is the units digit of 6697?
7
What is the hundreds digit of 2071?
0
What is the hundreds digit of 5133?
1
What is the tens digit of 38231?
3
What is the tens digit of 1400?
0
What is the ten thousands digit of 105565?
0
What is the units digit of 63959?
9
What is the tens digit of 3348?
4
What is the hundreds digit of 42234?
2
What is the hundreds digit of 30339?
3
What is the units digit of 1312?
2
What is the units digit of 1564?
4
What is the hundreds digit of 65475?
4
What is the tens digit of 2287?
8
What is the units digit of 6115?
5
What is the tens digit of 44061?
6
What is the tens digit of 14623?
2
What is the hundreds digit of 19417?
4
What is the units digit of 671?
1
What is the units digit of 1137?
7
What is the tens digit of 23?
2
What is the units digit of 209?
9
What is the thousands digit of 1092?
1
What is the hundreds digit of 517?
5
What is the hundreds digit of 977?
9
What is the tens digit of 2908?
0
What is the units digit of 16?
6
What is the hundreds digit of 849?
8
What is the thousands digit of 80199?
0
What is the units digit of 6903?
3
What is the hundreds digit of 665?
6
What is the tens digit of 1316?
1
What is the tens digit of 12773?
7
What is the tens digit of 1787?
8
What is the thousands digit of 5461?
5
What is the tens digit of 8559?
